e factors of n?
2, 19
Let u(s) = s**2 + s - 30. Let h be u(15). What are the prime factors of (h/(-9))/(4/(-12))?
2, 5, 7
Let h(b) = 3*b + 5. Let o be h(-6). Let g = o + 4. List the prime factors of (-30)/g*6/4.
5
Let z(u) = 7*u**2 + 6*u + 5. List the prime factors of z(7).
2, 3, 5, 13
Suppose 5*o - 774 + 25 = -3*g, 4*g - 5*o = 1057. Let i = g + -98. What are the prime factors of i?
2, 5
Let a be ((-75)/10)/(6/(-88)). Let x = -125 - -84. Let q = a + x. List the prime factors of q.
3, 23
Suppose 30*g = 27*g - 4*o + 401, -o - 122 = -g. List the prime factors of g.
127
Let q = -3231 + 5548. List the prime factors of q.
7, 331
Let h(m) be the second derivative of m**5/20 - 2*m**4/3 + 5*m**3/6 + 17*m**2/2 - 14*m. What are the prime factors of h(7)?
3
Let r = 3 + -4. Let t = r - 4. Let j(u) = u + 12. What are the prime factors of j(t)?
7
Suppose 68 = 10*s + 18. Suppose -3*f = -2*r + 2*f + 5, 5*r + s*f - 100 = 0. What are the prime factors of r?
3, 5
Let o(a) = a**2 - 8*a - 14. Let l(u) = -u**2 + 9*u + 14. Let d(j) = -3*l(j) - 2*o(j). What are the prime factors of d(-7)?
2, 7
Let q be (27/6 + -4)*26. Suppose 69 = -4*i + q. List the prime factors of (-11 - -4)*60/i.
2, 3, 5
Let j = 9 - -4598. List the prime factors of j.
17, 271
Let u(a) = -a**3 + 7*a**2 - 6*a - 1. Suppose 20 = 4*h - 4. Suppose v + 25 = h*v. What are the prime factors of u(v)?
19
Suppose 4*s = 4*b + 4, 2*s + 4*b - 8 = 3*b. Suppose 0 = g + 4*h + 17, -2*h + h - 14 = -s*g. Suppose -g*w = 7 - 61. List the prime factors of w.
2, 3
Let v be (-21 + 0)/(1*1/(-6)). Let s = v - 90. List the prime factors of s.
2, 3
Suppose 0 = -2*p + 5*y + 1081, 2*p + p + 4*y = 1679. List the prime factors of p.
7, 79
Let j(o) = -o**3 + 8*o**2 - o - 10. Let v be j(8). Let m = 38 + v. Let i = m + 3. What are the prime factors of i?
23
Let z(g) = -g**3 - 6*g**2 - 1. Let m be z(-6). What are the prime factors of (-15)/(3/21*m)?
3, 5, 7
Suppose -6*s = -4*s - 4. What are the prime factors of (s - 0 - -191) + 4?
197
Suppose 4*r = -4*y + 904, -1142 = -0*r - 5*r - y. What are the prime factors of r?
229
Let i(o) = o**2 + 8*o + 84. What are the prime factors of i(13)?
3, 7, 17
Let i(o) = o + 3. Let r be i(0). Suppose -a = r*v + 16, -v = 2*v - a + 20. Let u(x) = -x**2 - 13*x + 2. What are the prime factors of u(v)?
2, 11
Let r be (2/(-5))/(1/(-20)). Suppose 4*t + r = 2*t, 2*t - 132 = -5*q. List the prime factors of 14/q*(-56)/(-2).
2, 7
Suppose -3*o - 4*i + 2056 = 0, 35*o - 33*o - i - 1356 = 0. List the prime factors of o.
2, 5, 17
Let v(r) = -3*r**3 + 12*r**2 + 19*r - 1. What are the prime factors of v(-4)?
307
Let c = -88 + 90. Suppose l = 3*u - 2*l - 3, -2 = u - 2*l. Suppose 2*o - 44 = -c*i, -4*i = -u*o - o - 61. What are the prime factors of i?
19
Suppose 3 - 18 = -5*r. List the prime factors of ((-1)/r)/((-4)/816).
2, 17
Suppose 6426 = 15*a - 174. What are the prime factors of a?
2, 5, 11
Suppose -t + 11 = -2*n, -5*t - 6 = 5*n - 16. Suppose t*f + 0*f - 30 = 0. What are the prime factors of 1 - f/(-4 - -3)?
7
Suppose -17*r + 15*r + 1512 = 0. List the prime factors of r.
2, 3, 7
Let r = 18 - 0. Let v be (r/(-12))/(6/(-8)). Suppose 5 = v*w - 1. What are the prime factors of w?
3
Suppose 3320 = 4*m - 236. List the prime factors of m.
7, 127
Let o(y) = y + 4. Let l be o(9). Let v = l + 2. What are the prime factors of v?
3, 5
Let o(d) = d - 1. Let b be o(9). Suppose 5*f = b*f + 12. What are the prime factors of (368/(-4))/(f/2)?
2, 23
Let n be 0/(2 + 1) - -2. Suppose -m + n - 22 = 0. List the prime factors of (1 + -3)/(5/m).
2
Suppose 896 = 3*x - 868. What are the prime factors of x?
2, 3, 7
Let m = -16 - -6. Let i(f) = f**2 + 8*f - 12. Let r be i(m). What are the prime factors of 8/r - 3/(-1)?
2
Suppose 0 = 4*m - 20 - 12. Suppose m*w - 436 = 4*w. List the prime factors of w.
109
Let v = 17 - 26. Let h = 9 + v. Let q = h - -20. List the prime factors of q.
2, 5
Let h(b) = 4*b + 195. What are the prime factors of h(22)?
283
Let u = 5 - 1. Let t be u/18 + 5950/(-126). Let s = 80 + t. List the prime factors of s.
3, 11
Let n(j) = j**2 - 36*j - 73. Let r be n(38). Let p(g) = -9*g + 9. Let x(i) = -8*i + 9. Let u(o) = -6*p(o) + 5*x(o). What are the prime factors of u(r)?
3, 11
List the prime factors of 6 - (-1 - (0 - -170)).
3, 59
Let u(y) = y**3 + 5*y**2 - y + 3. Suppose -39 = -2*n - 11. Suppose -o = 3*t + n, -t = o - 2*t + 2. List the prime factors of u(o).
2
Let t be ((168/30)/(-7))/((-1)/5). Let j(w) = 5*w + w - 1 - 2*w. What are the prime factors of j(t)?
3, 5
Let o(y) = -2*y**2 + 3*y. Let r be o(2). Let l = 5 + r. Suppose l*q = -n + 2, 3*n + 3*q = 4*n - 2. List the prime factors of n.
2
Let g(k) = k**3 - k**2 + 2. Let c be g(1). What are the prime factors of (-474)/(-10) - c - 57/(-95)?
2, 23
Suppose 323 = 2*s - 389. What are the prime factors of s?
2, 89
Suppose 2*i - 4*b = -0*b + 10, 5*i - 16 = b. Suppose 0 = -u + 2*g + 15, u + i*g = -0*u - 10. What are the prime factors of u?
5
Suppose 4*r = -o + 5*o - 16, -5*o + 25 = 0. Suppose 0 = -0*f + f + r. What are the prime factors of (-2 - (3 - -24))/f?
29
Suppose 5*u - 680 = -2*x, x + 544 = 4*u - 0*x. List the prime factors of u.
2, 17
Suppose 4*b - 5*b = -3. Let r(c) = c**3 - 3*c**2 - 4*c + 3. Let g be r(b). List the prime factors of 136/12 - 6/g.
2, 3
Let h be 24/(-30) + (-548)/(-10). Suppose -3*b + h = 4*a - 105, 2*a - 3*b - 93 = 0. What are the prime factors of a?
2, 3, 7
Let u(x) = x**2 - 6*x + 9. Let p be u(5). Let z be -2 + 4 - (1 - 2). What are the prime factors of (15/2)/(z/p)?
2, 5
Suppose -5*y = 25, 6*y + 373 = -2*g + 3*y. Let v = g + 371. List the prime factors of v.
2, 3
Let x(j) be the third derivative of 1/30*j**5 - 1/2*j**3 + 0 + 1/12*j**4 + 0*j + 2*j**2. What are the prime factors of x(4)?
37
Suppose 4*x + 30 = x. List the prime factors of (-512)/x - (-4)/(-20).
3, 17
What are the prime factors of -6*((-2)/6)/((-24)/(-25320))?
2, 5, 211
Suppose -w - 2*p + 28 = 0, 0*p = 4*w + 2*p - 88. Let u = w - 18. Suppose -4*b = 3*k - 66, -3*k - 4*b = -u*k - 14. List the prime factors of k.
2, 13
Let q = -29 + 2. Let y = 52 + q. Suppose -s + 22 + y = 0. List the prime factors of s.
47
Let d(i) = -7 - 16*i**2 + 17*i**2 + 2 + i + 2. List the prime factors of d(6).
3, 13
Suppose x = -x + 6. Suppose -480 = -4*c + x*i, -427 = -4*c + i + 53. What are the prime factors of c?
2, 3, 5
Let c(a) = -11*a**2 - 7*a - 29. Let o(l) = 5*l**2 + 7 - 8 + 4*l + 15. Let s(t) = -6*c(t) - 13*o(t). List the prime factors of s(11).
3
Suppose -3*h + 3*r + 9807 = 0, 5*h + 2*r = -2*r + 16345. List the prime factors of h.
7, 467
Suppose -3*k - k - 528 = -o, -3*k = 4*o - 2131. List the prime factors of o.
2, 7, 19
Let l(q) = 2*q**2 + 15*q - 3. Let m be (-27 + 23)*2*2. List the prime factors of l(m).
269
Suppose 24*i - 2177 = 17*i. List the prime factors of i.
311
Suppose 12 + 8 = 4*h. Suppose 5*k + 346 - 1614 = 2*p, -5*k + h*p + 1280 = 0. What are the prime factors of k?
2, 3, 7
Suppose 0 = -m + 14*m - 117. Suppose m*z = 3*z + 42. List the prime factors of z.
7
Suppose 6*o - 2 = -y + 5*o, -3 = -2*y - 3*o. Suppose 160 + 196 = 2*g + 5*w, 4*w = y*g - 580. List the prime factors of g.
2, 47
Let m = 220 - -515. List the prime factors of m.
3, 5, 7
Suppose 3*a = 4*s - 6*s + 1, -s - 3*a - 4 = 0. Suppose 219 = s*o - 86. What are the prime factors of o?
61
Let m be (2 - (-40)/(-25)) + (-12)/5. What are the prime factors of (-6 + 14)*(m - -13)?
2, 11
Suppose 1 = -3*z + 4. Let g = z + 2. Suppose 2*j - 2*v - 109 = -j, g*j - v - 110 = 0. What are the prime factors of j?
37
Let x(m) = m**3 + 8*m**2 + 6. Suppose -3*l + 0*f + 29 = -4*f, l = 2*f + 9. Let g = -19 + l. What are the prime factors of x(g)?
2, 3
Suppose -11*g = -31*g + 9580. What are the prime factors of g?
479
Suppose -5*t + 940 = v, 0 = -5*t + 2*v + 574 + 381. List the prime factors of t.
3, 7
Let l(c) = 3*c + 105. Let t be l(0). Let x = t + -4. What are the prime factors of x?
101
Let x(c) = 30*c - 1. Let p(t) = -23 + 23 - 15*t. Let g(n) = -5*p(n) - 2*x(n). List the prime factors of g(1).
17
Suppose -18 = -2*c - 6. Suppose 0 = -c*v + 184 - 58. List the prime factors of v.
3, 7
Suppose -207 = -7*b + 4*b. Let u = b + 8. List the prime factors of u.
7, 11
Let z(g) = -g**2 - 14*g - 12. Let j be z(-13). List the prime factors of j/4 - (-558)/72.
2
Let v 